is -1 - 5a8587?
-5a8588
In base 11, what is -24 - 53633?
-53657
In base 7, what is 5340264326 + -3?
5340264323
In base 9, what is -430526 - -1204?
-428322
In base 7, what is -4251605 + -2161?
-4254066
In base 5, what is 24101330 - -4?
24101334
In base 3, what is 102110201000 - -222101?
102111200101
In base 10, what is -369979 - -29?
-369950
In base 3, what is 1 - -100121000110220?
100121000110221
In base 8, what is -1227636 + 34?
-1227602
In base 16, what is b1f - 31e4?
-26c5
In base 15, what is -9e - -90a45?
90996
In base 14, what is -50 - 7a6a?
-7aba
In base 13, what is -a2186 + 29?
-a215a
In base 2, what is -101001 - 111101110110000000?
-111101110110101001
In base 3, what is -102200 - -222010011?
221200111
In base 3, what is 112011000 - 1122211?
110111012
In base 10, what is 4123 + -30247?
-26124
In base 4, what is -2 - -1200112323122?
1200112323120
In base 9, what is -643588 - -11?
-643577
In base 16, what is 4 + -b2e2e67?
-b2e2e63
In base 15, what is 5 + 2bb776?
2bb77b
In base 16, what is -d4f8d - 55?
-d4fe2
In base 12, what is a18 + -609a?
-5282
In base 12, what is 499 + -32a24?
-32547
In base 9, what is -13 - -1406275?
1406262
In base 7, what is -1516416 - -41?
-1516345
In base 2, what is -11010111000101110010111 - -110?
-11010111000101110010001
In base 6, what is 1303250213452 + -5?
1303250213443
In base 8, what is 14610 - -667?
15477
In base 11, what is 3 - 20030a7?
-20030a4
In base 11, what is -27932127 - 4?
-27932130
In base 5, what is 110042 + -1322?
103220
In base 15, what is -b617 - 16?
-b62d
In base 7, what is 142126246 + 35?
142126314
In base 14, what is 78 - 387828?
-387790
In base 13, what is 12 + -767b671?
-767b65c
In base 10, what is 151901 - 52?
151849
In base 15, what is -2598b792 - 5?
-2598b797
In base 13, what is -15018b + -47b?
-150639
In base 15, what is 560088 - 1?
560087
In base 16, what is -6144 - -f9?
-604b
In base 5, what is -1 - -43032104?
43032103
In base 5, what is -22 - -103003230?
103003203
In base 10, what is 51 - 287133?
-287082
In base 6, what is 3333 - 14452221?
-14444444
In base 15, what is d19610 - 3?
d1960c
In base 2, what is 1110001010 - 11000110001000?
-10110111111110
In base 11, what is -1294324 + 9?
-1294316
In base 5, what is 14034320210 + -4?
14034320201
In base 4, what is -33322333 - -3213?
-33313120
In base 13, what is -302b8 + 0?
-302b8
In base 15, what is -4 + -16e12?
-16e16
In base 5, what is 1231443 + -32444?
1143444
In base 3, what is -121220011110 - -21121202?
-121121112201
In base 2, what is 111010111101101011010 - -100?
111010111101101011110
In base 12, what is -2b5514 + -16?
-2b552a
In base 2, what is -1110000101101000101 + 100?
-1110000101101000001
In base 9, what is 20554618 + 6?
20554625
In base 13, what is 1 + -184646b?
-184646a
In base 10, what is -7266596 - 15?
-7266611
In base 7, what is -20 + -1020436?
-1020456
In base 5, what is -41124242 - -42?
-41124200
In base 9, what is -1 + -5432551?
-5432552
In base 3, what is -2000 - -20202220020?
20202211020
In base 4, what is -13333032021212 + 11?
-13333032021201
In base 12, what is -4a6417 + -55?
-4a6470
In base 14, what is -47 + -71657?
-716a0
In base 8, what is 20655606 + -21?
20655565
In base 14, what is -116d7b - 1?
-116d7c
In base 4, what is -11 + -1130100102?
-1130100113
In base 3, what is 1 + 112020001112120?
112020001112121
In base 10, what is 1 - 57306521?
-57306520
In base 15, what is 1 - ab3806c?
-ab3806b
In base 4, what is -10030 + -1010030213?
-1010100303
In base 16, what is 1264bab + 5?
1264bb0
In base 9, what is 47 - 13775650?
-13775602
In base 2, what is 10000000110011100110101100110 - -11?
10000000110011100110101101001
In base 2, what is -1110111111001 + -11100000000?
-10010011111001
In base 16, what is -1 + 59b92a?
59b929
In base 7, what is -31511 + 15512?
-12666
In base 2, what is -110101101101 - -100110111000011001?
100110000010101100
In base 15, what is 0 + d28001?
d28001
In base 6, what is 2332222513 + 12?
2332222525
In base 7, what is 510212424 + 54?
510212511
In base 7, what is 144326 + 4261?
151620
In base 4, what is 2303 + 321013122?
321022031
In base 12, what is -30 + -7343aa1?
-7343b11
In base 9, what is 47553 + -242?
47311
In base 4, what is 1121122331232 + 11?
1121122331303
In base 12, what is 3 - -1026b0a2?
1026b0a5
In base 15, what is 3 + -415b7d?
-415b7a
In base 8, what is -4345 + -42534?
-47101
In base 7, what is 3631464 + 43?
3631540
In base 2, what is 100011011110 + 1010110001001?
1111001100111
In base 10, what is -3456 - -1612?
-1844
In base 2, what is 101 - 1010000100100001110101101?
-1010000100100001110101000
In base 8, what is 227 - -347227?
347456
In base 16, what is 14896a8 - 4?
14896a4
In base 13, what is 1550 - -1?
1551
In base 11, what is 19445582 - 0?
19445582
In base 3, what is 12110221202 + -221011?
12110000121
In base 2, what is -1101010101110101010001110 - -1?
-1101010101110101010001101
In base 8, what is 4356 + -20701?
-14323
In base 2, what is -1011111010010 - 1001100001?
-1101000110011
In base 15, what is -4 - 793876?
-79387a
In base 3, what is 1101 - -102111000210?
102111002011
In base 8, what is 1230 - -27415?
30645
In base 11, what is 3 + -1860296?
-1860293
In base 9, what is 1386377 - 52?
1386325
In base 10, what is -1889435 + -51?
-1889486
In base 10, what is -5811339 - 1?
-5811340
In base 11, what is -1484a11 - 3?
-1484a14
In base 14, what is -5363cb - 5?
-5363d2
In base 4, what is 123330023231 - 3?
123330023222
In base 16, what is 1 + 4d66a8?
4d66a9
In base 8, what is -21 - 1124416?
-1124437
In base 7, what is 23120500 - 1?
23120466
In base 6, what is 44010311 - -2224?
44012535
In base 7, what is 115500534 + 5?
115500542
In base 4, what is -10 - 1120033320333?
-1120033321003
In base 11, what is -1 + -942474a?
-9424750
In base 15, what is 94c56 + -663?
945e3
In base 3, what is -2 + 11120220110020110?
11120220110020101
In base 6, what is 1140 + -4241?
-3101
In base 10, what is 455514993 - -5?
455514998
In base 13, what is -11755 - -45ac?
-a176
In base 3, what is 12110 + -2021011221220?
-2021011202110
In base 10, what is 826 + 511543?
512369
In base 4, what is 2210233223 + 3112?
2210303001
In base 11, what is 717853 - -139?
717991
In base 11, what is -3474a + -58?
-347a7
In base 2, what is -10 - -100100011001101001101111?
100100011001101001101101
In base 3, what is 10110022120212001 + 1?
10110022120212002
In base 6, what is -1 + 350214430?
350214425
In base 7, what is -164 - 530305?
-530502
In base 11, what is -4a + -541060?
-5410aa
In base 4, what is 210132201 + 31332?
210230133
In base 9, what is -1326 + -1008602?
-1011028
In base 15, what is -5d7 + 311?
-2c6
In base 11, what is 6a + 4670449?
4670508
In base 12, what is -16ab + -2390?
-3a7b
In base 10, what is -53 + -360419?
-360472
In base 9, what is 7556 - 5230?
2326
In base 6, what is 32 - 21225114?
-21225042
In base 7, what is -1 + 431323634?
431323633
In base 5, what is 12423102321 - -3?
12423102324
In base 16, what is -ab5 - 3ef0?
-49a5
In base 4, what is -33110313 + -2220?
-33113133
In base 10, what is 4 - 99706331?
-99706327
In base 4, what is -122033212000 - 1?
-122033212001
In base 4, what is -1113 - -11233123?
11232010
In base 13, what is 29ac32488 + 5?
29ac32490
In base 9, what is 1 - -6240825?
6240826
In base 5, what is 3 - 401440?
-401432
In base 4, what is 120203332 - 1331?
120202001
In base 5, what is -22012 + 33233442?
33211430
In base 9, what is 31 - 1815211?
-1815170
In base 15, what is -2 - 1398c69?
-1398c6b
In base 10, what is -3746995 + 7?
-3746988
In base 8, what is 15 - 72635151?
-72635134
In base 7, what is -1 - 261503261?
-261503262
In base 16, what is 10e5ea7 - 1?
10e5ea6
In base 6, what is 15453210 + 0?
15453210
In base 4, what is -23 + -22311123012121?
-22311123012210
In base 8, what is 7062 - 346226?
-337144
In base 4, what is 102131021 + 112?
102131133
In base 14, what is 9 + 63c835?
63c840
In base 9, what is -500771354 + -5?
-500771360
In base 15, what is 21 - eaae1?
-eaac0
In base 11, what is -1564 + -101660?
-103114
In base 15, what is cac + 5245d?
5321a
In base 9, what is 15 - 340674?
-340658
In base 14, what is -1271d + 2c?
-126d1
In base 11, what is 221160 + -51?
22110a
In base 15, what is -2 - -54ca15?
54ca13
In base 6, what is -110152325 + -144?
-110152513
In base 5, what is -23034